26).
-3
Let f(b) = -8*b**2 - 106*b + 220. What is f(-15)?
10
Let q(u) = -614*u + 1826. Determine q(3).
-16
Let s(y) = y**3 - 49*y**2 + 576*y + 108. What is s(29)?
-8
Let j(f) = -f**2 + 5*f + 550. Calculate j(-21).
4
Let t(d) = -6*d**2 + 82*d + 6. Calculate t(17).
-334
Let x(q) = -136*q - 754. Determine x(-6).
62
Let g(o) = 170*o + 8844. Determine g(-52).
4
Let q(a) = -10*a - 195. Determine q(-39).
195
Let w(h) = -4*h**2 - 3*h + 218. Give w(14).
-608
Let o(z) = 2*z**2 + 16*z - 134. Calculate o(-14).
34
Let q(p) = -4*p**3 + 4*p**2 - p - 1. Give q(1).
-2
Let y(t) = -3*t**2 + 94*t - 30. Determine y(39).
-927
Let s(t) = t**3 + 23*t**2 - 23*t - 7. Give s(-24).
-31
Let z(t) = -242*t + 681. Determine z(3).
-45
Let x(v) = -39*v**2 + 29*v + 91. What is x(-3)?
-347
Let a(i) = -16*i + 569. Give a(36).
-7
Let g(t) = 2*t**3 + 43*t**2 + 24*t + 8. Calculate g(-21).
-55
Let h(z) = z**3 - 67*z**2 - 144*z - 15. Calculate h(-2).
-3
Let n(b) = -2*b**3 - 6*b**2 - 1234*b - 3697. Determine n(-3).
5
Let t(u) = 1137*u + 30675. What is t(-27)?
-24
Let d(b) = 3*b**3 - 44*b**2 - 9*b - 90. Give d(15).
0
Let l(y) = -979*y + 58752. What is l(60)?
12
Let m(u) = 23*u**2 + 1. Determine m(2).
93
Let q(z) = 102*z - 430. What is q(7)?
284
Let x(h) = h**2 + 425*h + 17769. Calculate x(-47).
3
Let z(g) = g**2 + 381*g + 3710. What is z(-10)?
0
Let u(k) = k**3 - 12*k**2 + 15*k - 49. Determine u(11).
-5
Let i(v) = v**3 - 11*v**2 - 9*v + 18. Determine i(11).
-81
Let j(q) = q**2 - 2849*q - 183452. What is j(-63)?
4
Let v(z) = -2*z**3 + 26*z**2 - 24*z + 14. Calculate v(11).
234
Let w(f) = -488*f + 9264. Give w(19).
-8
Let r(m) = m**3 + 7*m**2 - 7*m - 13. Determine r(-7).
36
Let g(s) = -s**3 - 5*s**2 + 16*s + 8. Determine g(-8).
72
Let f(w) = 97*w - 13975. What is f(144)?
-7
Let b(j) = -547*j + 2135. What is b(4)?
-53
Let b(g) = 105*g + 4098. Calculate b(-39).
3
Let y(v) = -122*v - 112. Give y(-1).
10
Let c(p) = -399*p + 3196. Give c(8).
4
Let j(m) = -6*m**2 + 546*m + 2. Calculate j(91).
2
Let c(p) = -p**2 - 10*p - 14. Determine c(-9).
-5
Let w(o) = o**2 - 129*o - 805. Calculate w(-6).
5
Let z(k) = -173*k - 1481. Give z(-8).
-97
Let l(f) = -f**2 - 170*f - 2989. What is l(-20)?
11
Let n(l) = l**2 + 13*l + 41. Determine n(-5).
1
Let q(o) = -o**3 + 24*o**2 + 307*o - 17. Calculate q(33).
313
Let h(r) = -r**3 + 4*r**2 - 38*r - 174. Give h(-3).
3
Let i(t) = -7*t**3 - 90*t**2 + 26*t + 170. Calculate i(-13).
1
Let y(c) = c**3 - 3*c**2 - 11*c + 21. Give y(-3).
0
Let c(h) = -19*h**2 - 13*h + 9. Calculate c(1).
-23
Let t(j) = -7*j**2 - 29*j - 12. Give t(-7).
-152
Let r(b) = -b**2 + 10*b + 16. Determine r(0).
16
Let a(l) = -l**3 - 63*l**2 - 347*l - 276. What is a(-57)?
9
Let n(i) = -2*i**2 - 59*i + 3987. Determine n(-62).
-43
Let p(a) = 4*a**2 - 189*a + 1002. Calculate p(41).
-23
Let l(t) = 53*t**2 + 742*t - 4. Calculate l(-14).
-4
Let f(s) = -s**3 - 6*s**2 + 10*s - 78. Calculate f(-8).
-30
Let a(y) = -y**3 + 8*y**2 + 31*y - 242. Give a(6).
16
Let n(x) = -2*x**3 + 42*x**2 + 87*x + 131. What is n(23)?
16
Let y(w) = -18*w + 912. Determine y(51).
-6
Let i(k) = -4*k**3 - 45*k**2 + 32*k - 40. Calculate i(-12).
8
Let s(q) = -q**2 + 30*q + 121. Give s(-5).
-54
Let a(c) = c**3 + 13*c**2 - 1188*c - 16429. What is a(-14)?
7
Let h(f) = 22*f + 534. What is h(-25)?
-16
Let u(b) = -81*b - 244. Determine u(-5).
161
Let o(q) = 63*q - 5344. What is o(85)?
11
Let r(k) = k**3 - 110*k**2 + 120*k - 1137. Give r(109).
62
Let b(r) = r**3 + 73*r**2 + 201*r - 647. Determine b(-70).
-17
Let a(u) = u**2 - 55*u - 327. Give a(-6).
39
Let v(k) = -k**2 + 34*k + 6. Calculate v(28).
174
Let k(g) = -g**3 - 32*g**2 + 33*g + 15. What is k(-33)?
15
Let u(h) = 2*h**3 + h**2 + 825*h + 1652. Determine u(-2).
-10
Let c(m) = 149*m + 10588. Give c(-71).
9
Let x(v) = -44*v - 944. Calculate x(-19).
-108
Let t(z) = -z**3 + 17*z**2 + 26*z - 28. Give t(-2).
-4
Let s(n) = 66*n**2 + 2*n - 6. Calculate s(2).
262
Let v(x) = 2*x**3 - 2*x**2 - 556*x + 194. Determine v(17).
-10
Let r(b) = -3*b**2 + 95*b + 552. Calculate r(-5).
2
Let l(g) = 36*g**3 - 5*g**2 + 4*g + 7. Give l(-1).
-38
Let s(i) = 3*i**3 - i**2 - 23*i - 15. Give s(-5).
-300
Let s(g) = 7*g**2 - 135*g + 20. What is s(20)?
120
Let r(s) = 2*s**2 + 48*s + 240. Calculate r(-18).
24
Let s(x) = -x**2 - 12*x + 156. Give s(8).
-4
Let s(k) = 554*k - 18271. What is s(33)?
11
Let f(b) = -167*b - 2342. Determine f(-14).
-4
Let x(r) = -42*r**2 - 26*r + 25. Determine x(1).
-43
Let y(h) = h**3 + 23*h**2 + 90*h - 44. Determine y(-18).
-44
Let g(f) = -23*f + 1304. Give g(57).
-7
Let q(i) = -2*i**2 + 34*i + 611. Give q(-11).
-5
Let z(r) = r**3 - 7*r**2 - 251*r + 1534. Calculate z(6).
-8
Let g(h) = -19347*h - 193466. What is g(-10)?
4
Let c(g) = -4*g**3 - 139*g**2 + 36*g + 34. Give c(-35).
-1
Let z(l) = l**2 - 243*l + 1441. Determine z(6).
19
Let a(t) = -8*t**2 + 49*t - 40. What is a(9)?
-247
Let d(k) = k**3 - 5*k**2 + 3*k - 17. Determine d(5).
-2
Let c(d) = -64*d**3 + 38*d**2 - 2*d - 3. Calculate c(2).
-367
Let q(v) = -5*v**3 + 3*v**2 - 2*v - 6. Give q(2).
-38
Let i(d) = d**2 + 20*d + 60. What is i(-16)?
-4
Let l(m) = -m**3 - 2*m**2 - 66*m + 361. Calculate l(5).
-144
Let n(a) = 89*a - 8. Give n(-6).
-542
Let d(h) = -44*h - 3247. Calculate d(-74).
9
Let y(c) = -185*c + 12399. Calculate y(67).
4
Let j(z) = z**2 + 1532*z + 3. Calculate j(0).
3
Let x(d) = d**2 + 25*d + 163. Calculate x(-9).
19
Let p(d) = d**3 + 6*d**2 - 34*d - 1. Calculate p(5).
104
Let y(m) = 182*m**3 + 3*m**2 - 18*m - 20. Give y(-1).
-181
Let w(j) = -j**2 - 130*j - 1327. Determine w(-11).
-18
Let z(n) = -n**3 + 10*n**2 - 142*n + 1678. What is z(11)?
-5
Let o(r) = -19*r + 807. Give o(39).
66
Let x(j) = 260*j - 932. Give x(4).
108
Let x(d) = -328*d - 655. Give x(-2).
1
Let h(x) = -73*x + 63. Give h(1).
-10
Let v(p) = p**3 + 17*p**2 - 23*p - 2. Give v(-18).
88
Let h(a) = 6*a**2 + 78*a - 240. Determine h(3).
48
Let v(y) = y**3 + 33*y**2 - 232*y - 15. Calculate v(6).
-3
Let a(l) = 24*l**3 - l**2 + 140*l + 141. Calculate a(-1).
-24
Let h(p) = -932*p - 699. Determine h(-1).
233
Let g(l) = 52*l - 13725. Determine g(264).
3
Let p(c) = 2*c**3 - 3*c**2 + 26*c - 83. Determine p(3).
22
Let d(q) = -175*q + 878. Give d(5).
3
Let b(v) = 3*v**2 + 20*v - 36. Determine b(-9).
27
Let m(z) = 2*z**2 - 60*z - 2162. What is m(51)?
-20
Let c(y) = -417*y - 23773. What is c(-57)?
-4
Let x(n) = 8*n**2 - 138*n + 164. What is x(16)?
4
Let a(c) = 60*c + 63. What is a(0)?
63
Let s(c) = -14*c - 132. Calculate s(-6).
-48
Let f(p) = -6*p**2 + 263*p - 248. What is f(43)?
-33
Let d(s) = 23*s**2 + s. Calculate d(-2).
90
Let v(o) = -10*o**2 + 332*o - 393. What is v(32)?
-9
Let s(t) = -44*t + 124. Determine s(-4).
300
Let r(p) = -p**3 + 10*p**2 + 31*p - 261. Give r(11).
-41
Let w(x) = 11*x**3 - 4*x**2 + x + 3. What is w(3)?
267
Let i(x) = x**3 - 3*x**2 + 261*x - 2031. Calculate i(7).
-8
Let m(c) = -343*c - 24703. Calculate m(-72).
-7
Let b(n) = -3*n**2 - 188*n - 12. Calculate b(-58).
800
Let q(u) = -u**3 - 6*u**2 + 120*u + 724. Give q(-6).
4
Let m(d) = d**3 - 34*d**2 + 20*d - 674. Calculate m(34).
6
Let i(q) = q**3 - 41*q**2 - 53*q + 463. Give i(42).
1
Let f(s) = -s**3 - 10*s**2 - 19*s + 1. Determine f(-11).
331
Let l(k) = k**2 - 9*k - 61. Give l(-5).
9
Let k(b) = 10*b + 545. Give k(-51).
35
Let b(h) = -5*h**2 - 17*h - 1. Determine b(-1).
11
Let w(j) = -j**2 + 189*j + 5117. Calculate w(213).
5
Let y(b) = 5*b**2 + 240*b - 33. Calculate y(-48).
-33
Let d(v) = -4*v**2 - 11*v + 115. Calculate d(5).
-40
Let a(l) = -l**3 + 5*l**2 + 102*l - 569. What is a(6)?
7
Let p(k) = k**3 - 94*k**2 - 4036*k + 507. What is p(126)?
3
Let w(r) = -1728*r + 38027. Give w(22).
11
Let v(g) = -12*g**2 - 3. Calculate v(4).
-195
Let t(d) = 65*d - 1568. Calculate t(24).
-8
Let k(u) = -357*u - 29977. Give k(-84).
11
Let w(x) = -2*x**2 - 294*x - 3243. Give w(-12).
-3
Let v(h) = h**3 - 7*h**2 - 64*h - 35. What is v(-5)?
-15
Let b(f) = -33*f - 137. Give b(-6).
61
Let s(y) = -2*y**2 + 22*y + 10. Determine s(12).
-14
Let c(h) = -h**3 - 119*h**2 + 496*h + 495. Determine c(-123).
3
Let x(k) = k**2 + 24*k + 14. What is x(-17)?
-105
Let u(w) = -121*w - 21047. Give u(-174).
7
Let j(c) = -c**3 - 163*c**2 - 1244*c - 19. Determine j(-8).
13
Let z(f) = 38*f**2 - 1060*f - 61. Give z(28).
51
Let o(x) = 2*x**3 + x**2 - 5*x - 382.